*2 + 2. Let y(p) = 8*p**3 + 4*p**2 + 2. Let o(a) = 7*j(a) - 6*y(a). Let v be o(4). Let d = v - 20. Let x(h) = -4*h - 2. Calculate x(d).
6
Suppose 4*d - 11 = 3*g, 11 = -5*d + 4*g + 24. Let h(r) be the first derivative of 18 + 1/2*r**2 - r. Determine h(d).
4
Let r(j) = 7*j - 28. Let s(y) = -8*y + 82. Let u(m) = 3*m - 33. Let n(f) = -5*s(f) - 12*u(f). Let g(o) = 5*n(o) - 3*r(o). Calculate g(9).
5
Suppose 3*p = 4*p - 4. Let x = -1 - p. Let j(l) = l + 1. Let a(o) = o**2 + o - 4. Let w(m) = a(m) + 6*j(m). Calculate w(x).
-8
Let l(k) = -k**2 + 6*k - 4. Let u(f) = 3*f + 19. Let m be u(-5). What is l(m)?
4
Suppose 5*r - 16 = r. Let t(b) = b - 1. Let c be t(r). Let f(u) = -6*u**2 - 3 + 6 - u + 0*u**3 + c*u + u**3. Calculate f(5).
-12
Let g = -3 + 1. Let z(p) = -6*p + 1. Let s(x) = -7*x + 1. Let m(y) = g*s(y) + 3*z(y). Suppose -3*c = -43*c + 80. Give m(c).
-7
Suppose 8*x + 12 = 10*x. Let d = 20 - x. Let n(j) = 32*j - 11*j - d*j. Calculate n(-2).
-14
Let r(l) = -l**3 + 3*l**2 - 4*l + 4. Let p(i) = 8*i + 2. Let x be p(-2). Suppose d + 8*d + 153 = 0. Let j = x - d. Give r(j).
-8
Let y(z) = 11*z + 1. Suppose -207 = -6*v - 219. Give y(v).
-21
Let b(f) = 2*f + 27. Let o be b(-12). Let n(j) = -j**3 + 2*j**2 - 2. Calculate n(o).
-11
Suppose 2*h = 5*i + h - 20, -25 = -2*i - 3*h. Let n(o) = o**2 + 2*o**2 + 6 + 4*o - 5*o - o**3 + 7*o. Determine n(i).
-14
Let f be 5 - (4 - (6 - 2)). Let u(w) = 8*w**2 - 21*w**2 + 11*w**2 - f + 7*w. Determine u(4).
-9
Let k(h) = -h**2 + 12*h - 10. Let l be k(10). Let x(a) = a**3 - 11*a**2 + 6*a + 11. What is x(l)?
-29
Let b(x) be the first derivative of x**2/2 + 7*x - 45. What is b(-5)?
2
Let b be (18 + -19)/(4/16). Let n(k) = 2*k**2 + k - 1. What is n(b)?
27
Suppose 0*r = -3*r, 2*j - r - 52 = 0. Suppose 4*o + j = 6*o. Suppose -2*u - 5 + o = 0. Let p(f) = -f - 2. Calculate p(u).
-6
Let g(i) = 4*i - 32. Let m be (-240)/(-39) + 4 + 486/(-117). Calculate g(m).
-8
Let f(n) = 8*n - 1. Let r = 45 - 44. Let s be (1/3 - r)*(-87)/(-58). Calculate f(s).
-9
Let c(k) = k**2 + 10*k - 12. Suppose 10*w + 86 = -24. Calculate c(w).
-1
Let h(f) be the first derivative of 2*f**2 + 37*f - 63. Determine h(-10).
-3
Let u = 11 + 1. Let a be 1/((-3)/u*-4). Let j(i) = -6*i + 1. What is j(a)?
-5
Let m(q) = q**3 + 7*q**2 - 3*q. Suppose -2*h = 5*c - 58, 5*h - 44 = -4*c + h. Let j be (-82)/c - (-2 + 3)/6. What is m(j)?
21
Suppose 3*f - 3*n - 2*n - 26 = 0, 2*f - 8 = n. Suppose -5*a - f*r - 2*r = -35, 3*a = -r + 21. Let l(o) = -o**2 + 7*o + 7. Give l(a).
7
Let x = -47 + 42. Let a(p) = -p**2 - p + 7. Calculate a(x).
-13
Let g(n) be the first derivative of n**5/15 - n**4/24 - n**3/6 - 11*n**2/2 + 28. Let h(v) be the second derivative of g(v). Calculate h(-1).
4
Let m(x) = 2*x**2 - 4*x + 4. Let f = -138 + 141. Determine m(f).
10
Suppose -z = -3*z + 18. Let b = -9 + z. Let p(j) = -2 - j + 2. Calculate p(b).
0
Suppose 4*d = 4*u + 40, u - 14 = -6*d + 3*d. Suppose -121 = -d*z - 127. Let k(s) = 2*s. Determine k(z).
-2
Let v(b) = -35*b. Let p be v(-1). Let a be p/(-7)*13/(-5). Let g(o) = -11*o - 1 + 0 + a*o. Determine g(5).
9
Suppose -2*y - 82 = 5*g, 0 = 3*g + 3*y + 49 + 2. Let s(p) = p**3 + 17*p**2 + 15*p - 29. Give s(g).
-13
Let h(q) = -q - 1. Suppose -15 = 5*r + 5*w, 4*w - 43 = -r - 34. Calculate h(r).
6
Let v(u) = u**2 - 5*u + 4. Suppose 39 = -25*d + 38*d. Determine v(d).
-2
Let x = -17 + 22. Suppose -x*a + 8 = -3*a. Let i = a + -2. Let d(m) = m**3 - 6*m**2 + 3*m. Determine d(i).
-10
Let l = 2 + -5. Let q(s) be the third derivative of -s**4/8 - s**3/6 + s**2 + 49*s. What is q(l)?
8
Let z(f) be the third derivative of -f**5/60 + f**3/2 - 2*f**2 - 7*f. Let j(m) = -m**2 + m + 4. Let h(x) = -5*j(x) + 6*z(x). Calculate h(-6).
-8
Let c(w) be the first derivative of -w**2 + 4*w - 327. Calculate c(0).
4
Let d(s) = -s**3 + s. Let h = 16 + -27. Suppose 4*q = 4*u + 2*q + 52, 4*u + 5*q + 24 = 0. Let z = u - h. What is d(z)?
0
Let n(t) = t**3 + 23*t**2 + 61*t + 28. Let b be n(-20). Let d(h) = 2*h - 4. Calculate d(b).
12
Suppose 6 = 3*m + 15, 4*t = -5*m - 71. Let r(a) = a + 16. What is r(t)?
2
Let x(c) be the first derivative of -3*c**2/2 - c - 60. Let z be -2*14/(-4)*-1. Let g(a) = -4*a - 2. Let h(j) = z*x(j) + 5*g(j). Calculate h(0).
-3
Let t be 10 + -17 + (-1 - 0). Let g(w) = 2*w + 12. Determine g(t).
-4
Suppose 3*f = 3*m - 3, 0*f + 2*f = 4*m - 10. Let a be (f + -11)/2 - 4. Let p(k) = -k**2 - 9*k. Give p(a).
8
Let m(u) = 2*u - 10. Let t(w) = 5*w**3 + w - 1. Let i be t(1). Suppose i*d + o = 19, -2*d + 7*o = 2*o - 13. Suppose 0 = -n + 11 - d. Determine m(n).
4
Let b(o) = 2*o - 5. Suppose -4*c - 32 = -116. Let y = c - 17. Calculate b(y).
3
Suppose -2*x = 2*s + 2*s + 14, 4*x = s - 10. Let y(k) = k**3 + 2*k**2 - 3*k + 3. Let z be y(x). Let g(a) = 0*a + z - 5 - 2 - a. Calculate g(0).
-4
Let f = 74 - 70. Let n(t) = f - 3*t**3 - 7*t**2 + 7*t**3 - 3*t**3 + 3 + 6*t. What is n(6)?
7
Let k(o) = -o**2 + o. Suppose -26*l + 30*l + 4 = 0. What is k(l)?
-2
Let k be (2 - -6)/(-2) + 5. Let t(b) = k - 4 - b - b**3 - 1 + 1. What is t(0)?
-3
Let o(k) = -k**3 - 5*k**2 + 2*k + 1. Let m = -59 - -66. Suppose 0 = n + 4*g - 15, 3*g - 8 - m = 0. Give o(n).
-9
Let x(r) be the third derivative of -5*r**4/24 - 12*r**2. Let i = 135 + -136. Calculate x(i).
5
Let d(v) = -38 + 13 - 3*v + 25. Determine d(-5).
15
Let j(i) = 7*i - 4. Let m(z) = -5*z + 5. Let h(f) = 3*j(f) + 4*m(f). Calculate h(-15).
-7
Let n(v) be the second derivative of -v**4/12 - 7*v**3/6 - 9*v**2/2 + 4*v - 112. Calculate n(-7).
-9
Let p(u) be the third derivative of 13*u**6/120 + u**5/60 + u**4/24 - 3*u**2. Suppose 0 = 2*t + q, -t - 59*q = -58*q - 1. Give p(t).
-13
Let f(h) = h + 1. Let k(q) = 18*q**2 - 2*q + 9 + 9 - 21. Let a(j) = -4*f(j) - k(j). Calculate a(-1).
-17
Let b(o) = 10*o**2 + o**3 + 3089 - 6180 + 3093 - 11*o. Determine b(-11).
2
Let y(w) be the third derivative of -w**6/120 + 2*w**5/15 - 7*w**4/24 + 5*w**3/3 + 2*w**2 - 67*w. Calculate y(7).
10
Let b(l) = 4*l**3 - 2*l - 1. Let u be 24/(-18)*45/(-3). Suppose -3*p = -2*o - u + 6, -4*o - p = 0. Determine b(o).
-3
Let i(k) = 3*k + 2. Let j = 9 - 5. Suppose -4*r - j*f = -4, 6*r - 4*r = 4*f + 14. Calculate i(r).
11
Let l(w) = w - 139 + 76 + 70. Give l(-9).
-2
Let r(s) = -s**3 - 4*s**2 + 7*s. Let t = -983 + 978. Determine r(t).
-10
Let w be ((-12)/(-5))/(21/(-70)). Let i = -8 - w. Let b(g) = 29 + 3*g**2 + i*g**2 - 31. What is b(2)?
10
Let u(t) = 7*t**3 + 18*t**2 + 12*t - 11. Let l(p) = 3*p**3 + 9*p**2 + 6*p - 6. Let v(q) = 5*l(q) - 2*u(q). Determine v(-8).
8
Let j(m) = -3*m**3 + 8*m**2. Let r(s) = 10*s**3 - 25*s**2 - s - 1. Let c(u) = 7*j(u) + 2*r(u). What is c(4)?
22
Let l(f) = -3*f**3 + 5*f**2 + 3*f - 8. Let d(w) = -16*w**3 + 24*w**2 + 15*w - 42. Let b(j) = -2*d(j) + 11*l(j). Give b(7).
17
Let l(f) = f**2 - 3*f - 4. Let r be 14/2 - (11 - (6 + 1)). What is l(r)?
-4
Let b(s) = 4 - 9 + 1 + 4*s. Suppose -4*r + 0*r = 12. What is b(r)?
-16
Suppose -q = -8 + 5. Let i(j) = 0*j**3 + 3*j**3 - 2*j**3 - 2*j**3 + q. Suppose -4*l = 5*c - 20, -2*c + 4 + 4 = 0. What is i(l)?
3
Let i(f) be the first derivative of -f**4/4 - 4*f**3/3 - f**2/2 + 4*f - 10. Let x = 11 + -7. Let k = x + -7. Determine i(k).
-2
Suppose 3*q = 3*c + 35 - 56, -3*q - 9 = 0. Let p(z) = -3*z + 6. Let w(n) = n - 1. Let l(f) = p(f) + 5*w(f). Determine l(c).
9
Let w = -15 + 21. Suppose -2*t = -w*t + 16. Let s(r) = t*r - 4*r - 5 - 8*r - 8*r**2 - r**3. Determine s(-7).
2
Suppose l + 5*h - 27 + 0 = 0, 10 = 2*h. Let m(z) = 233*z**l - 234*z**2 + 2*z + 4 + z. Give m(5).
-6
Let u = 1/213 + 23/142. Let n(g) be the second derivative of 0*g**2 - 3*g + 0 + u*g**3. Calculate n(0).
0
Suppose 4*q + q - z - 50 = 0, -2*q + 17 = -z. Let a(h) = h**2 - 10*h - 1. Calculate a(q).
10
Suppose 0*p + 3*p + 24 = 0. Let g be 0 - 4/(p/6). Let o(x) = 2 - 2 + 3*x - 4 + 0. What is o(g)?
5
Let z(a) be the first derivative of 2*a**3/3 + 2*a**2 + a - 156. What is z(-6)?
49
Let w(c) = 121 - 224 + 96 + 5*c. Give w(-2).
-17
Let c(o) = 2*o**3 - 82*o**2 - 264*o - 7. Let t be c(44). Let k(z) = 2*z - 1. Let a(d) = -5*d + 2. Let q(v) = 3*a(v) + 8*k(v). Give q(t).
-9
Let m(i) be the first derivative of -1/2*i**2 + 9 - i. What is m(3)?
-4
Suppose 7*o = 2*o. Suppose 4*a - 4*f - 8 = o, 2*a + 3*a + f = 22. Let g(h) = -9*h + 7*h + 2 - 2 + a. Give g(3).
-2
Let z = -51 - -53. Let a(s) 